[INFO] fetching crate attach 0.1.0...
[INFO] checking attach-0.1.0 against master#e6e4f7ed1589e03bc2f6c5931c1a72e7947e8682 for beta-170-4
[INFO] extracting crate attach 0.1.0 into /workspace/builds/worker-2-tc2/source
[INFO] validating manifest of crates.io crate attach 0.1.0 on toolchain e6e4f7ed1589e03bc2f6c5931c1a72e7947e8682
[INFO] running `Command { std: CARGO_HOME="/workspace/cargo-home" RUSTUP_HOME="/workspace/rustup-home" "/workspace/cargo-home/bin/cargo" "+e6e4f7ed1589e03bc2f6c5931c1a72e7947e8682" "metadata" "--manifest-path" "Cargo.toml" "--no-deps", kill_on_drop: false }`
[INFO] started tweaking crates.io crate attach 0.1.0
[INFO] finished tweaking crates.io crate attach 0.1.0
[INFO] tweaked toml for crates.io crate attach 0.1.0 written to /workspace/builds/worker-2-tc2/source/Cargo.toml
[INFO] crate crates.io crate attach 0.1.0 already has a lockfile, it will not be regenerated
[INFO] running `Command { std: CARGO_HOME="/workspace/cargo-home" RUSTUP_HOME="/workspace/rustup-home" "/workspace/cargo-home/bin/cargo" "+e6e4f7ed1589e03bc2f6c5931c1a72e7947e8682" "fetch" "--manifest-path" "Cargo.toml", kill_on_drop: false }`
[INFO] running `Command { std: "docker" "create" "-v" "/var/lib/crater-agent-workspace/builds/worker-2-tc2/target:/opt/rustwide/target:rw,Z" "-v" "/var/lib/crater-agent-workspace/builds/worker-2-tc2/source:/opt/rustwide/workdir:ro,Z" "-v" "/var/lib/crater-agent-workspace/cargo-home:/opt/rustwide/cargo-home:ro,Z" "-v" "/var/lib/crater-agent-workspace/rustup-home:/opt/rustwide/rustup-home:ro,Z" "-e" "SOURCE_DIR=/opt/rustwide/workdir" "-e" "CARGO_TARGET_DIR=/opt/rustwide/target" "-e" "CARGO_HOME=/opt/rustwide/cargo-home" "-e" "RUSTUP_HOME=/opt/rustwide/rustup-home" "-w" "/opt/rustwide/workdir" "-m" "1610612736" "--user" "0:0" "--network" "none" "ghcr.io/rust-lang/crates-build-env/linux@sha256:19e73879b68f455e41552ea35293514db52ea292d993f571636dbffedb77a1ee" "/opt/rustwide/cargo-home/bin/cargo" "+e6e4f7ed1589e03bc2f6c5931c1a72e7947e8682" "metadata" "--no-deps" "--format-version=1", kill_on_drop: false }`
[INFO] [stdout] 651c563fe875bb78b73040e63d7f1570d6528108708028d2f4959d17c22587ca
[INFO] running `Command { std: "docker" "start" "-a" "651c563fe875bb78b73040e63d7f1570d6528108708028d2f4959d17c22587ca", kill_on_drop: false }`
[INFO] running `Command { std: "docker" "inspect" "651c563fe875bb78b73040e63d7f1570d6528108708028d2f4959d17c22587ca", kill_on_drop: false }`
[INFO] running `Command { std: "docker" "rm" "-f" "651c563fe875bb78b73040e63d7f1570d6528108708028d2f4959d17c22587ca", kill_on_drop: false }`
[INFO] [stdout] 651c563fe875bb78b73040e63d7f1570d6528108708028d2f4959d17c22587ca
[INFO] running `Command { std: "docker" "create" "-v" "/var/lib/crater-agent-workspace/builds/worker-2-tc2/target:/opt/rustwide/target:rw,Z" "-v" "/var/lib/crater-agent-workspace/builds/worker-2-tc2/source:/opt/rustwide/workdir:ro,Z" "-v" "/var/lib/crater-agent-workspace/cargo-home:/opt/rustwide/cargo-home:ro,Z" "-v" "/var/lib/crater-agent-workspace/rustup-home:/opt/rustwide/rustup-home:ro,Z" "-e" "SOURCE_DIR=/opt/rustwide/workdir" "-e" "CARGO_TARGET_DIR=/opt/rustwide/target" "-e" "CARGO_INCREMENTAL=0" "-e" "RUST_BACKTRACE=full" "-e" "RUSTFLAGS=--cap-lints=forbid" "-e" "RUSTDOCFLAGS=--cap-lints=forbid" "-e" "CARGO_HOME=/opt/rustwide/cargo-home" "-e" "RUSTUP_HOME=/opt/rustwide/rustup-home" "-w" "/opt/rustwide/workdir" "-m" "1610612736" "--user" "0:0" "--network" "none" "ghcr.io/rust-lang/crates-build-env/linux@sha256:19e73879b68f455e41552ea35293514db52ea292d993f571636dbffedb77a1ee" "/opt/rustwide/cargo-home/bin/cargo" "+e6e4f7ed1589e03bc2f6c5931c1a72e7947e8682" "check" "--frozen" "--all" "--all-targets" "--message-format=json", kill_on_drop: false }`
[INFO] [stdout] e1bfa8854d7e65ec3b641537301c131b13167481a967b22d8b94e634aa6225c2
[INFO] running `Command { std: "docker" "start" "-a" "e1bfa8854d7e65ec3b641537301c131b13167481a967b22d8b94e634aa6225c2", kill_on_drop: false }`
[INFO] [stderr]    Compiling libc v0.2.140
[INFO] [stderr]    Compiling io-lifetimes v1.0.9
[INFO] [stderr]    Compiling rustix v0.37.7
[INFO] [stderr]    Compiling proc-macro2 v1.0.56
[INFO] [stderr]    Compiling unicode-ident v1.0.8
[INFO] [stderr]    Compiling quote v1.0.26
[INFO] [stderr]     Checking linux-raw-sys v0.3.1
[INFO] [stderr]     Checking bitflags v1.3.2
[INFO] [stderr]     Checking utf8parse v0.2.1
[INFO] [stderr]    Compiling windows_x86_64_gnu v0.48.0
[INFO] [stderr]     Checking anstyle-parse v0.1.1
[INFO] [stderr]     Checking concolor-override v1.0.0
[INFO] [stderr]     Checking concolor-query v0.3.3
[INFO] [stderr]     Checking anstyle v0.3.5
[INFO] [stderr]    Compiling heck v0.4.1
[INFO] [stderr]    Compiling anyhow v1.0.70
[INFO] [stderr]     Checking clap_lex v0.4.1
[INFO] [stderr]     Checking strsim v0.10.0
[INFO] [stderr]     Checking windows-targets v0.48.0
[INFO] [stderr]     Checking once_cell v1.17.1
[INFO] [stderr]     Checking windows v0.48.0
[INFO] [stderr]    Compiling syn v2.0.13
[INFO] [stderr]     Checking is-terminal v0.4.6
[INFO] [stderr]     Checking anstream v0.2.6
[INFO] [stderr]     Checking clap_builder v4.2.1
[INFO] [stderr]    Compiling clap_derive v4.2.0
[INFO] [stderr]     Checking clap v4.2.1
[INFO] [stderr]     Checking attach v0.1.0 (/opt/rustwide/workdir)
[INFO] [stdout] error[E0433]: failed to resolve: could not find `windows` in `os`
[INFO] [stdout]  --> src/main.rs:3:14
[INFO] [stdout]   |
[INFO] [stdout] 3 | use std::os::windows::process::CommandExt;
[INFO] [stdout]   |              ^^^^^^^ could not find `windows` in `os`
[INFO] [stdout] 
[INFO] [stdout] 
[INFO] [stdout] error[E0433]: failed to resolve: could not find `windows` in `os`
[INFO] [stdout]  --> src/main.rs:3:14
[INFO] [stdout]   |
[INFO] [stdout] 3 | use std::os::windows::process::CommandExt;
[INFO] [stdout]   |              ^^^^^^^ could not find `windows` in `os`
[INFO] [stdout] 
[INFO] [stdout] 
[INFO] [stdout] error[E0599]: no method named `raw_arg` found for struct `std::process::Command` in the current scope
[INFO] [stdout]   --> src/main.rs:42:17
[INFO] [stdout]    |
[INFO] [stdout] 42 |         process.raw_arg(arguments);
[INFO] [stdout]    |                 ^^^^^^^ method not found in `Command`
[INFO] [stdout] 
[INFO] [stdout] 
[INFO] [stdout] error[E0599]: no method named `raw_arg` found for struct `std::process::Command` in the current scope
[INFO] [stdout]   --> src/main.rs:42:17
[INFO] [stdout]    |
[INFO] [stdout] 42 |         process.raw_arg(arguments);
[INFO] [stdout]    |                 ^^^^^^^ method not found in `Command`
[INFO] [stdout] 
[INFO] [stdout] 
[INFO] [stdout] error: aborting due to 2 previous errors
[INFO] [stdout] 
[INFO] [stdout] 
[INFO] [stdout] Some errors have detailed explanations: E0433, E0599.
[INFO] [stdout] 
[INFO] [stdout] For more information about an error, try `rustc --explain E0433`.
[INFO] [stdout] 
[INFO] [stdout] error: aborting due to 2 previous errors
[INFO] [stdout] 
[INFO] [stdout] 
[INFO] [stdout] Some errors have detailed explanations: E0433, E0599.
[INFO] [stdout] 
[INFO] [stdout] For more information about an error, try `rustc --explain E0433`.
[INFO] [stdout] 
[INFO] [stderr] error: could not compile `attach` (bin "attach" test) due to 3 previous errors
[INFO] [stderr] warning: build failed, waiting for other jobs to finish...
[INFO] [stderr] error: could not compile `attach` (bin "attach") due to 3 previous errors
[INFO] running `Command { std: "docker" "inspect" "e1bfa8854d7e65ec3b641537301c131b13167481a967b22d8b94e634aa6225c2", kill_on_drop: false }`
[INFO] running `Command { std: "docker" "rm" "-f" "e1bfa8854d7e65ec3b641537301c131b13167481a967b22d8b94e634aa6225c2", kill_on_drop: false }`
[INFO] [stdout] e1bfa8854d7e65ec3b641537301c131b13167481a967b22d8b94e634aa6225c2
